base 5, what is -10014 - -1134034?
1124020
In base 5, what is -2234003 + -1124?
-2240132
In base 10, what is -4339 - 14402?
-18741
In base 13, what is -191 - 312bc6?
-313087
In base 13, what is 6531a4 + -a?
653197
In base 11, what is -2844a9 + 6?
-2844a3
In base 8, what is -2 - 514640131?
-514640133
In base 2, what is -1001011101110101000 - 101011?
-1001011101111010011
In base 13, what is -2 - 77c150?
-77c152
In base 12, what is -7a237976 + -2?
-7a237978
In base 12, what is 38 + -70985?
-70949
In base 2, what is -110100110111 - 11110100?
-111000101011
In base 15, what is -7 + 54120?
54118
In base 6, what is -15020 - -2240523?
2221503
In base 4, what is 222002222130 - -12?
222002222202
In base 15, what is bb4 + -2cd7?
-2123
In base 4, what is 232210 + 10212032?
11110302
In base 13, what is 28016a58 - -5?
28016a60
In base 4, what is -20131222 - -1232020?
-12233202
In base 6, what is -10012425 - -2233?
-10010152
In base 13, what is -761 - -8a8c?
832b
In base 12, what is -12 - -42825?
42813
In base 10, what is -988745 + 2?
-988743
In base 5, what is -241410 - -110333?
-131022
In base 14, what is -15ccb65 - -2?
-15ccb63
In base 16, what is 6b + 29133?
2919e
In base 13, what is 6 + 251824?
25182a
In base 5, what is -413334 + -240201?
-1204040
In base 2, what is 1111110101101100101101100 + 1?
1111110101101100101101101
In base 5, what is -200133 + -40?
-200223
In base 5, what is -313131222000 - 4?
-313131222004
In base 4, what is 3112223103030 + 10?
3112223103100
In base 12, what is -1118 + -19b?
-12b7
In base 10, what is 5 + -15636048?
-15636043
In base 5, what is 21 - -30442402103?
30442402124
In base 8, what is 11672201762 - -5?
11672201767
In base 3, what is -120210021211 + -10?
-120210021221
In base 10, what is -19390960 + -5?
-19390965
In base 7, what is 30341 + -6245?
21063
In base 8, what is -4 - 14720027?
-14720033
In base 5, what is -10401333304 - -1?
-10401333303
In base 12, what is 5 - 59255b?
-592556
In base 14, what is 1c26 - 662?
15a4
In base 12, what is 156 - -86486?
86620
In base 4, what is -3300 + -10032030?
-10101330
In base 10, what is 4058 - 24318?
-20260
In base 10, what is -16 - 200363?
-200379
In base 5, what is -322 + 1411344001?
1411343124
In base 5, what is 402 + -134321431?
-134321024
In base 15, what is -14 - -2c7aeb?
2c7ad7
In base 14, what is -43dc812 - 7?
-43dc819
In base 16, what is -140ff - -3c?
-140c3
In base 16, what is -33749de - 4?
-33749e2
In base 16, what is -20c5cae8 + 0?
-20c5cae8
In base 10, what is 9 + 292065?
292074
In base 13, what is 67805 + -801?
67004
In base 8, what is 6 + 252765660?
252765666
In base 8, what is -1401431440 - 4?
-1401431444
In base 15, what is d3bda - 130?
d3aaa
In base 14, what is -5 - 61a450?
-61a455
In base 16, what is 2b7b1 + -2?
2b7af
In base 14, what is 3d985d7 + 5?
3d985dc
In base 2, what is -1000 - 111000001110111000110010?
-111000001110111000111010
In base 14, what is 18 + 23c272?
23c28a
In base 15, what is ab + 140118?
1401c4
In base 15, what is -23 + -3ac629?
-3ac64c
In base 12, what is -2 - 14b53243?
-14b53245
In base 8, what is 70756052 - -1?
70756053
In base 5, what is -212022 - 42033?
-304110
In base 10, what is 12729230 + -12?
12729218
In base 4, what is -33323012 + -21?
-33323033
In base 16, what is -4 - 4dbc0f?
-4dbc13
In base 5, what is 24 - -14143431322?
14143431401
In base 13, what is -58180 - -25?
-58158
In base 2, what is 100000001101000100100010 - -1000?
100000001101000100101010
In base 3, what is -1112022 + -2220102212?
-2221222011
In base 13, what is 4 - 67607b?
-676077
In base 12, what is -119 + 44306?
441a9
In base 13, what is -222927 + 5?
-222922
In base 13, what is 5c8206 + 3?
5c8209
In base 16, what is -5 + 1ca14?
1ca0f
In base 7, what is -14205615 + 1005?
-14204610
In base 15, what is -27b - 2b122?
-2b39d
In base 13, what is -631 + -45c4?
-4c25
In base 7, what is -263156 + -1432?
-264621
In base 16, what is fd65bc4 + 5?
fd65bc9
In base 4, what is -30130 + -1212221?
-1303011
In base 10, what is -3 + -281351?
-281354
In base 13, what is 0 - c3b41c?
-c3b41c
In base 3, what is -110022102112 + 10201002?
-110011201110
In base 4, what is 22213010231 - 10?
22213010221
In base 15, what is 2b6 - 341?
-7a
In base 8, what is -16 + -10757144?
-10757162
In base 7, what is -602532603 - -5?
-602532565
In base 14, what is -3896a8d - -19?
-3896a74
In base 16, what is 4e5 - -21c2a?
2210f
In base 4, what is -233 - -11121231103?
11121230210
In base 9, what is 376 - 560526?
-560140
In base 8, what is 1023332 + -66?
1023244
In base 13, what is 75 - -402b52?
402bc7
In base 14, what is b5a3c - -50?
b5a8c
In base 10, what is 19037 + 2586?
21623
In base 11, what is 55219 + -502?
54817
In base 2, what is 1110110101001001010110 - 10011?
1110110101001001000011
In base 14, what is 86 - -1aa7a8?
1aa850
In base 15, what is -4 + -42e699?
-42e69d
In base 6, what is -11534 + -314530?
-330504
In base 5, what is 12220341220 + 33?
12220341303
In base 7, what is -4 + 45233212?
45233205
In base 7, what is -113134 - 40444?
-153611
In base 7, what is 1263212 - 22?
1263160
In base 8, what is 1203060170 + -1?
1203060167
In base 16, what is 38 + c5c9f?
c5cd7
In base 16, what is 5bf606d + -2?
5bf606b
In base 3, what is -10 - 2021220110?
-2021220120
In base 13, what is 2589 - -b940?
111c9
In base 10, what is -3 - 208525?
-208528
In base 12, what is -23a47b66 + 0?
-23a47b66
In base 11, what is 15 + -259479?
-259464
In base 8, what is 702017042 - -4?
702017046
In base 4, what is -133112100211033 + -3?
-133112100211102
In base 6, what is -11 + -31553?
-32004
In base 12, what is -6a7 + -26b93?
-2767a
In base 10, what is -13 - -14922234?
14922221
In base 6, what is 420033 + -510?
415123
In base 13, what is 536 + -47280?
-46a47
In base 11, what is -3 + -616a45?
-616a48
In base 8, what is 2 + -424230405?
-424230403
In base 13, what is -880419 + -11a?
-880536
In base 12, what is 6a + -218a06?
-218958
In base 3, what is -1222210102121 - 12020?
-1222210121211
In base 15, what is -34 - -975?
941
In base 8, what is 0 + 331153243?
331153243
In base 4, what is -202001201020 - -10?
-202001201010
In base 12, what is -1 - 1584634a?
-1584634b
In base 16, what is cf90a + 0?
cf90a
In base 13, what is -144993 - -36a?
-144626
In base 3, what is 20110 - -22011001102?
22011021212
In base 5, what is -141024000 - 13410?
-141042410
In base 6, what is 1414320 - -25412?
1444132
In base 3, what is 1200 + 11101220002100?
11101220011000
In base 16, what is 2952 + 116?
2a68
In base 16, what is 5 - -1432947?
143294c
In base 2, what is -10001110100001101110010 - -1?
-10001110100001101110001
In base 12, what is -a38 - 624?
-1460
In base 5, what is -2024124 - 3030?
-2032204
In base 2, what is 1000000110001110100 - 1100011110?
1000000100101010110
In base 12, what is -b - 502062?
-502071
In base 13, what is 161ab + 174c?
1792a
In base 15, what is 9b935d - 0?
9b935d
In base 9, what is 32362 + 625?
33087
In base 16, what is -8e4fbbb + -2?
-8e4fbbd
In base 2, what is -110000001010110000001 - -111?
-110000001010101111010
In base 10, what is 10 + 2471930?
2471940
In base 15, what is -1159ce1d + 1?
-1159ce1c
In base 7, what is -6 - 1400542?
-1400551
In base 3, what is 220010010120110 - 202?
220010010112201
In base 11, what is -195 - 6607?
-67a1
In base 8, what is 2 + 3014622?
3014624
In base 4, what is -11 + 133302121300?
133302121223
In base 14, what is d + 1db78bb?
1db78ca
In base 7, what is -3563223410 - -5?
-3563223402
In base 7, what is 1602 - -4133120?
4135022
In base 13, what is -1 + -2a43779c?
-2a4377a0
In base 10, what is -4 - -78047?
78043
In base 2, what is 10110 - 101110001001100?
-101110000110110
In base 6, what is -123041433 - -20?
-123041413
In base 5, what is 14013110 - -23131?
14041241
In base 12, what is 209a - -679?
2757
In base 10, what is -4 + 1741297?
1741293
In base 15, what is b - -cc4b?
cc57
In base 7, what is -53603051 - -2?
-53603046
In base 6, what is -250003403 - -2?
-250003401
In base 7, what is -345363346 + -4?
-345363353
In base 15, what is 18a42d5 - -b?
18a42e1
In base 11, what is -24a835366 + -3?
-24a835369
In base 14, what is -94a095 + 0?
-94a095
In base 11, what is 6384 - 1?
6383
In base 14, what is 22a698 - -15?
22a6ad
In base 10, what is -423344 - 103?
-423447
In base 12, what is 38b + 1953?
2122
In bas